digit of c?
1
Let h(v) = v**3 - 7*v**2 + 9*v - 2. Suppose -2*g + 20 = -5*i - 2, -5*g + 5*i + 40 = 0. What is the tens digit of h(g)?
1
Suppose -28 = -3*v - c, -v - v - 2*c = -20. Suppose -v*p = -4*p - 60. What is the units digit of p?
2
Suppose c - 167 = -4*u, 5*u = -5*c + 3*c + 205. What is the units digit of u?
3
Let f(t) be the third derivative of t**5/60 + t**4/4 - 2*t**3/3 + 2*t**2. What is the tens digit of f(-8)?
1
Let k(s) = s**3 + 7*s**2 - 6*s - 9. Suppose 3*p + 28 = -p. What is the units digit of k(p)?
3
Let t = -20 - -34. What is the tens digit of t?
1
Suppose -r = 24 - 70. What is the units digit of r?
6
Suppose -10 = 2*u + 3*h, 5*h = -21 + 1. Suppose u + 2 = i. What is the units digit of i/5 + (-88)/(-20)?
5
What is the units digit of 3/((-1)/1) + 34?
1
What is the hundreds digit of (-1 - 6416/(-36)) + (-12)/54?
1
Suppose -1 - 5 = -3*s. What is the units digit of s?
2
Let r(j) = -j**2 - 7*j - 7. Let l be r(-5). Suppose 9 = -s - 3*i - 10, 121 = -4*s + l*i. What is the units digit of (-1 + 2)*s/(-4)?
7
What is the units digit of -4 + 216 + 0/(6 + -3)?
2
Suppose 8 = -0*y + 2*y. Suppose 0*x - 2*x = y*l - 28, 5*l - 32 = -x. What is the tens digit of (10/(-6))/((-1)/l)?
1
What is the units digit of -2 + 3 - (-3 + -2)?
6
Suppose -2*j - 35 = -11. What is the units digit of (-3)/j + (-69)/(-12)?
6
Let j be 3/(-12) - 11/4. Let w = j - -12. Suppose -2*m + w = m. What is the units digit of m?
3
Suppose 12*g - 551 = 637. What is the tens digit of g?
9
Suppose -3*v + 5*d + 415 = 0, 705 = 5*v - 0*d - 5*d. What is the tens digit of v?
4
Let k = -25 - -35. Suppose 22 + k = 2*n. What is the units digit of n?
6
Let l = 5 + -5. Suppose 0*w = s - w - 26, l = -5*s - 4*w + 130. What is the units digit of s?
6
Suppose q + 2828 = 15*q. What is the hundreds digit of q?
2
Let u(w) = -60*w + 1. What is the units digit of u(-1)?
1
Let p be 2*(-2 + 6/(-4)). What is the units digit of (p/1)/(-3 + 2)?
7
Suppose -3*k - 2*k = 5. What is the units digit of -1 - (k - 8/4)?
2
Let c(p) = -p**3 + 9*p**2 + 3*p + 6. Suppose 0*l + 2*l = 2*b + 18, l = -3*b + 9. What is the units digit of c(l)?
3
Let j = 81 - 68. What is the tens digit of j?
1
Suppose -14 - 2 = 4*b. Let h(d) = -d**3 - 4*d**2 + d - 1. Let y be h(b). What is the units digit of ((-19)/y + -3)*10?
8
Let d = -252 - -525. What is the units digit of d?
3
Let x(h) = h**3 - 8*h**2 - h + 11. Let t be x(8). Suppose -5*w - 2*r = -4*w - 9, -3*r = t*w - 21. Suppose -5*p + w + 0 = 0. What is the units digit of p?
1
Let j(y) = -y**3 - 4*y**2 - 3*y - 5. Let u be j(-4). Let d = u - 3. Suppose 3*v - 18 = 2*k, d*v = -k - 3 + 16. What is the units digit of v?
4
What is the units digit of (-2 - -1)/(2 + (-526)/262)?
1
Suppose 8*t - 224 = 6*t. What is the units digit of t?
2
Let h(p) = 6*p - 20. What is the units digit of h(8)?
8
What is the units digit of 3/(-18) + 475/6?
9
Suppose -5*y - 2 = -3*y. What is the units digit of (-4)/y*10/4?
0
Let s = -1 - -3. Let t(r) = -2 + 8 - r**2 + r**3 - 4*r**s. What is the units digit of t(5)?
6
Let d(j) = j**3 + 4*j**2 + 3*j + 1. Let c be d(-2). Suppose c*g = 2*f + 15, 6 - 3 = f. What is the units digit of g?
7
Suppose f + n - 4 = 0, 3*f - 5*n = -0*n - 20. Suppose -3*u + 2*v = -u - 38, -u - 2*v + 4 = f. What is the tens digit of u?
1
Let m be 2 - -1 - (-7 - -5). Suppose m*x = -5*r + 165, 32 - 107 = -2*x + r. What is the units digit of x?
6
What is the hundreds digit of (9/(-12))/((-519)/516 + 1)?
1
Suppose -4*g - 82 = -10. Let u = 31 + g. What is the tens digit of u?
1
Let h = -84 - -150. What is the tens digit of h?
6
Suppose -4*k + 41 = 5*p, 3*p + 5*k = 23 + 12. Suppose -p*g = 4*t + 13, -4*t - 6 = -2*g - 28. What is the units digit of t?
3
Suppose -485 = -2*v - 3*v. What is the tens digit of v?
9
Let g be 0 + -5 + 2 + -4. Let v(n) = n**2 + 7*n + 6. What is the units digit of v(g)?
6
Suppose 5*x + 5 = -4*t - 8, -4*x + 33 = -3*t. Let y be (7 + t)/(0 + 1). Suppose -4*u + 4 = -y*u. What is the units digit of u?
1
Let w = -67 + 75. What is the units digit of w?
8
What is the units digit of (-8 - 0) + 58 - (-3 - -1)?
2
What is the units digit of (-348)/(-10) - (-17)/85?
5
Suppose 4*q = 2*q + 16. Let j be ((-2)/(-4))/1*q. Suppose -j - 7 = -s. What is the units digit of s?
1
Suppose 2*o + 5*n = 288, 10*o + 720 = 15*o + 4*n. What is the units digit of o?
4
Let i(g) be the second derivative of g**4/3 + g**3/2 - g**2 + 3*g. What is the tens digit of i(-3)?
2
Suppose -3*b - 2*b - 2*a + 292 = 0, 4*b = -5*a + 220. Suppose -4*j = -4*r + 36, -b = -5*r + 3*j - 17. Let m = r - 5. What is the units digit of m?
3
Suppose 2*u + 2*p - 14 = -2*u, -3*u + p + 18 = 0. Let f = 6 - u. What is the units digit of f?
1
Suppose 2*p + 3*r - 8 = 6*r, -3*p - 2*r = -12. Let o(w) = -10*w - 2. Let l be o(-2). Suppose -v = -p*v + l. What is the units digit of v?
6
Let n(q) = q**2 - 2*q + 5. Let j be ((-2)/5)/(2/(-20)). What is the tens digit of n(j)?
1
Suppose -4*n = 3*o - 142, 0 = -5*o - n - 4*n + 235. Suppose 2*k + 5*q + 50 = 0, -q + 4*q + o = -2*k. Let d = -10 - k. What is the tens digit of d?
1
Let x(j) = -34*j - 2. What is the units digit of x(-2)?
6
Let t = 264 - 104. Suppose 0 = h + 3*h - t. What is the units digit of h?
0
Let d = 8 + -8. Suppose -3*b + d*b = -48. What is the tens digit of (-4)/b + (-61)/(-4)?
1
Let h(o) = -o - 5. Let k be (-2)/(-8) + 123/(-12). What is the units digit of h(k)?
5
Let l = -81 - -113. Let c be (-2 + 5)/6*l. Suppose -c = 5*h - 41. What is the units digit of h?
5
Let p = 11 - -21. What is the units digit of p?
2
Suppose -2*f = -7*f + 105. Let x = -9 + f. What is the units digit of x?
2
Suppose 3*y + q - 6 = 3*q, -2*y + 4*q = -4. Let d(t) = 9*t - 3. What is the tens digit of d(y)?
1
Let b be (-1)/(3*(-2)/(-18)). Suppose 5*t - 7 = 8. Let f = t - b. What is the units digit of f?
6
Let m = -1 - 4. Let g(d) = d**3 - 8*d**2 - d + 7. Let k(x) = -4*x**3 + 25*x**2 + 2*x - 22. Let t(h) = -7*g(h) - 2*k(h). What is the units digit of t(m)?
5
Suppose -4*s + 0 = 4. Suppose 0 = -z + 4*p + 7, 2*p - 19 = 3*z - 0*p. Let g = s - z. What is the units digit of g?
8
Suppose -4*q + 4 = 4*g, -5*g - 7 = -q - 4*g. Suppose 16 = -0*d + q*d. Suppose 7*y - 33 = d*y. What is the units digit of y?
1
Let w(t) = -t**3 + 6*t**2 - 4*t + 2. What is the tens digit of w(2)?
1
Let u be 8/20*5 - -1. What is the tens digit of u*9 + (-6 - -7)?
2
Suppose d - 53 = -2*d - 5*u, -3*d + 65 = -u. What is the units digit of d?
1
Let g = -58 - -80. What is the tens digit of g?
2
Suppose 0 = 4*c + p - 21, -3*c - 2*p = p - 27. Let l(g) = -g**2 + 4*g + 3. Let j be l(c). Suppose -j*f = -0*f - 33. What is the tens digit of f?
1
Let j(t) = t**2 + t + 5. Let u be -1 + 3 + -9 - -3. What is the tens digit of j(u)?
1
Let y(s) = -3*s - 36. Let z(a) = 2*a + 24. Let g(x) = 5*y(x) + 8*z(x). Let k be -1 + (-2 - -4) + -1. What is the units digit of g(k)?
2
Let p = 40 + -29. What is the tens digit of p?
1
Let b(a) = a**3 + 8*a**2 - 4*a + 7. Let i be b(-8). Let m = -22 + i. What is the tens digit of m?
1
Suppose -114 = -39*a + 37*a. What is the units digit of a?
7
Suppose -v + 11 = -9. What is the units digit of v?
0
Suppose -3*v + 5*v = -u + 14, -5*u = -4*v - 56. Suppose -c - 5*d + 3*d - 4 = 0, 3*d - 4 = -4*c. Suppose c*t = -u + 48. What is the units digit of t?
9
Let n be (2/(-6))/(5/(-45)). Suppose n*q = 7*q. Suppose -5*b = -3*x - 55, -2*b + 43 = -q*b + 3*x. What is the tens digit of b?
1
Suppose 58 = 5*n - 232. What is the units digit of n?
8
Let a = -20 + 22. Suppose 112 = 4*f + 4*r, -a*r + 20 = 4*f - 98. What is the units digit of f?
1
Let i = 6 - -8. What is the units digit of (-624)/(-21) + 4/i?
0
Let q(j) = -56*j - 34. What is the hundreds digit of q(-5)?
2
Let w = 63 - -3. What is the units digit of w?
6
Let c be (-86)/(-6)*(3 - 6). Let q = c - -74. What is the tens digit of q?
3
Let x be (-105)/(-6) - (-1)/2. Let i be 4*(2 + 2/(-2)). Suppose t - i*t = -x. What is the units digit of t?
6
Suppose 3*y = r + 10, -2*y = -0*r - 2*r. Let h(j) = -j**2 + 6*j - 3. Let c be h(y). Suppose -o = -c*o + 9. What is the units digit of o?
9
Let z be (-1)/(234/(-118) - -2). Let a = z + 115. Suppose -i - 3*i = -a. What is the tens digit of i?
1
Suppose 0 = 10*g - 1394 - 1756. What is the tens digit of g?
1
Let n = 310 + -123. What is the hundreds digit of n?
1
Let